2*s - 7 = q. Calculate the greatest common factor of x and s.
6
Let w(v) = 7*v - 1. Let i be w(5). Let m be 10*(-994)/21*(-12)/16. Let o = m - 338. Calculate the greatest common factor of i and o.
17
Suppose 0*a - 5*g = -4*a + 416, 2*a + 3*g - 186 = 0. Suppose -f = -a + 83. Calculate the greatest common divisor of 176 and f.
16
Suppose -4*r - 9 = -57. Suppose r = -2*n + 40. Let x be 128/3 - (-10)/(-15). What is the highest common divisor of n and x?
14
Suppose 7*s - 253 = 2*s + 3*i, -2*s + 96 = 4*i. Let a be (-63)/(-35)*s/3. What is the highest common factor of a and 15?
15
Suppose 0 = -187*h + 202*h - 30. What is the highest common divisor of 169 and h?
1
Suppose -708 + 180 = -16*y. Suppose k - 2*q + 43 - 400 = 0, 3 = q. What is the greatest common divisor of y and k?
33
Suppose -9 = -6*c + 9. Suppose -4*s + 2*o = -82, -5*s + 97 = c*o - 0*o. What is the greatest common factor of s and 20?
20
Suppose 5*s + 5*w = -25, -3*s = -2*w + 48 - 63. Suppose -3*r + 6 = -5*g, -r + 2*r + 3*g = 16. Calculate the greatest common divisor of s and r.
1
Let j(p) = -6*p**2 + 76*p + 170. Let y(m) = m**2 - 15*m - 34. Let d(v) = -3*j(v) - 16*y(v). Let t be d(-13). Calculate the greatest common divisor of 8 and t.
8
Let y(w) = -22*w - 104. Let s be y(-6). Calculate the greatest common factor of 70 and s.
14
Let i be 0 + (-1 - -2) + 92. Let t be (-1018)/4 - 15/(-6). Let x = t + 283. What is the highest common divisor of x and i?
31
Let f = 7142 - 3807. What is the highest common divisor of f and 115?
115
Let r = -104 - -99. Let f(t) be the first derivative of t**3/3 - 3*t**2/2 - t - 1. Let a be f(r). Calculate the greatest common divisor of a and 234.
39
Let v = -456 + 468. Let q be (18/(-96)*v)/(1/(-16)). What is the greatest common factor of q and 72?
36
Suppose 2*k - 45 + 43 = -2*y, 3*y - 5 = -4*k. Let o = 60 + -42. Suppose -t + 4*n = -0*n - o, 18 = k*t - 2*n. Calculate the greatest common divisor of t and 78.
6
Suppose -21 = -3*w - l, -2*w + 3*l + 14 = -2*l. Suppose -2*g = -19 + 11. Suppose -p + g = -w. Calculate the highest common divisor of 55 and p.
11
Suppose -16*l + 124 = -84. Suppose 0 = -0*x - 4*x - 4*d + 44, -3*x + d = -l. Calculate the greatest common factor of x and 6.
6
Let u = 2345 + -1040. What is the highest common factor of 58 and u?
29
Suppose o - 4409 = -3*a, -31*a + 4*o = -26*a - 7354. What is the highest common factor of 30 and a?
30
Suppose 12*m + 20 = 13*m. What is the greatest common divisor of m and 40?
20
Suppose 3*m + 5*g = 9919, 4*m - 6453 - 6840 = 3*g. Calculate the highest common divisor of m and 126.
42
Let s(u) be the second derivative of u**4/3 + 74*u**3/3 + 53*u**2/2 + 168*u. Let d be s(-37). Calculate the greatest common divisor of 53 and d.
53
Let o = 28 - -34. Suppose -5*a = -0*v + v - o, -4*a = -5*v + 339. Let y = v - 40. Calculate the greatest common factor of y and 18.
9
Let f(t) = 26*t - 10. Suppose -2*m - 2 + 8 = 0. Let c be f(m). Suppose 0 = -10*d + 172 + c. Calculate the highest common factor of 48 and d.
24
Suppose -w - 765 = -4*n - 143, 0 = 4*n - 2*w - 620. Calculate the greatest common factor of n and 884.
52
Let p(i) = 4*i**2 - 192*i - 1897. Let f be p(-9). What is the highest common factor of 837 and f?
31
Let g = -665 + 670. Suppose -g*o - 443 = -3*k - 1434, k = 2*o - 397. Calculate the highest common divisor of 25 and o.
25
Let v(o) = 2*o**2 + 33*o + 35. Let p be v(-15). Let q be (-2)/(((-30)/189)/p). Let u = 168 + q. Calculate the highest common factor of u and 63.
21
Let n = -7305 - -7316. What is the greatest common factor of n and 176?
11
Suppose 9*p + 13 = -41. Let d(u) = u**2 - 14*u - 70. Let n be d(p). What is the greatest common factor of n and 60?
10
Let i be -1 + (2 - 1) + 8. Suppose 2*n = 55 + 7. Suppose 4*t - 2520 = -n*t. Calculate the highest common factor of i and t.
8
Suppose -21603 = 3*h - p - 68595, -h = 2*p - 15671. What is the greatest common divisor of 5 and h?
5
Let p(t) = 948*t + 384. Let k be p(3). What is the highest common factor of k and 24?
12
Let c = -7069 - -8327. What is the greatest common divisor of 51 and c?
17
Let y = 8557 + -8505. Calculate the highest common factor of 5356 and y.
52
Let z(x) = 9*x**3 + 18*x**2 - 22*x + 67. Let i be z(10). Calculate the highest common divisor of 63 and i.
63
Let p(t) = 46*t**2 - 2*t. Let d be (-1 + -1 + -1)/(-3). Let n be p(d). Let j be (n*-1)/(-4) + 3. Calculate the highest common factor of 112 and j.
14
Let r = -596 + 2400. What is the greatest common divisor of r and 820?
164
Let p(z) be the second derivative of -z**3/3 + 29*z**2/2 + 8*z + 6. Let f be p(-8). Calculate the highest common factor of 585 and f.
45
Let c be -3 - (-7 + 3) - 9/3. Let r(b) = 14*b**2 - 4. Let p be r(c). Let z = 89 - p. What is the greatest common factor of 407 and z?
37
Let d = -105 + -91. Suppose 3*i - 13 = -2*t, 3*t - 4*i - i + 9 = 0. Let y be 2/(t/15)*d/(-21). Calculate the highest common factor of y and 28.
28
Let w be (1/(-2))/((-14)/476). Suppose 3*u - 133 = -5*z, 2*u - 3*z = -0*z + 114. What is the highest common factor of w and u?
17
Let b(c) = c**2 + 2*c - 6. Let z be b(7). Let p(g) = g**2 + 33*g - 1689. Let k be p(-61). What is the greatest common factor of z and k?
19
Suppose 9*z = 15*z + 1836. Let r be (-80)/(-560) - z/14. Let h be 1*(-1)/(-2)*22. What is the greatest common factor of h and r?
11
Suppose 13*b = 19*b - 12. Let l be (0 - 2)*(7/b)/(-7). What is the greatest common factor of l and 51?
1
Let r(k) = k**3 - 39*k**2 + 44*k + 135. Let o be r(38). Let w be (o/(-2) - 0)*(-32)/24. What is the greatest common divisor of w and 22?
22
Suppose 27 = -2*z + 111. Suppose 2*j = -4*a + 3*j + 559, 4*j + 568 = 4*a. Let f = a - 118. Calculate the greatest common divisor of z and f.
21
Let f(s) = -s**3 - 6*s**2 + 2*s + 18. Let v be f(-6). Let r = -1 - -1. Suppose -4*g - 40 + 280 = r. Calculate the highest common factor of g and v.
6
Let x be 3*((-40)/(-6) - 2). Let h = 13 - 11. Suppose 66 = h*f - 5*y - 1, -3*f - y = -58. What is the highest common divisor of f and x?
7
Suppose -19 = h + l, 2*h - 3*l = -8 - 10. Let r = -13 + h. Let u be (-44)/(-7) + 8/r. Calculate the greatest common factor of 48 and u.
6
Let j be (17/((-170)/(-30)))/(3/2). Let k(b) = -6*b + 3*b**2 - 3*b**2 - 4*b**2 + 5*b**2 + 2. Let u be k(6). Calculate the highest common factor of j and u.
2
Let f = 400 - 413. Let t = 78 + f. Calculate the highest common divisor of t and 325.
65
Suppose -7*u = 42*u - 3865 - 1035. Calculate the highest common divisor of u and 1950.
50
Suppose 3 = 3*k + 3*g, 3*k - 21 = -2*g - 16. Let l be -2 - -441 - (9 - 4 - k). Calculate the highest common divisor of l and 19.
19
Let x(a) = a**3 + 38*a**2 + 71*a - 102. Let s be x(-35). Calculate the highest common divisor of s and 112.
16
Let a be 3*((-3)/2 - 27*(-143)/66). Calculate the greatest common factor of 1881 and a.
171
Let c(a) = -a**2 + 143*a - 3016. Let z be c(113). Calculate the greatest common factor of z and 918.
34
Let h = 38 - 33. Suppose 0*p = -h*p - 5*v + 50, 2*p + 5*v - 35 = 0. What is the highest common factor of p and 215?
5
Let y(u) = 4*u**2 + u**3 + 2*u**3 + 4*u**3 - 7*u**3 + 19*u - u**3 + 6. Let x be y(6). What is the greatest common factor of 176 and x?
16
Suppose 28424 = -134*j - 270*j + 707144. Calculate the greatest common factor of 735 and j.
105
Let l(x) = -66*x + 71. Suppose -10*y + 48 - 118 = 0. Let v be l(y). What is the greatest common factor of 13 and v?
13
Suppose -5*d = -l + 325, 0 = -2*l - 2*d + d + 661. Suppose 18*y - l = 13*y. Calculate the greatest common factor of y and 22.
22
Let q = -1 - -6. Suppose 5*o + q*f = -20, -2*o = -4*f + 4 - 26. Let b be ((3 + -1)/(-6))/(o/(-39)). Calculate the highest common factor of b and 13.
13
Let r = -173 + 163. Let q be (2*2/r)/(16/(-40)). Calculate the greatest common factor of 19 and q.
1
Let a be ((-12)/15)/((-18)/45). Suppose 0 = 5*b + 4*q - 178, -q = 3*b + a*b - 187. What is the greatest common factor of b and 57?
19
Let f(v) = -13*v + 2. Suppose 0 = 3*g - 9, -2*p - p = -g - 207. Suppose p*n + 4 = 66*n. Let k be f(n). Calculate the highest common divisor of k and 6.
3
Let h(k) = -87*k**2 + 13*k + 44. Let p be h(-3). Let r = 910 + p. Calculate the highest common factor of r and 308.
44
Let c be -7 + (-2)/(-11) + 38622/902. Calculate the highest c